ided by 61?
59
Calculate the remainder when 149 is divided by 51.
47
What is the remainder when 5989 is divided by 14?
11
What is the remainder when 112 is divided by 19?
17
Calculate the remainder when 1094 is divided by 285.
239
What is the remainder when 284 is divided by 36?
32
What is the remainder when 1449 is divided by 29?
28
What is the remainder when 1780 is divided by 1771?
9
What is the remainder when 567 is divided by 188?
3
What is the remainder when 31 is divided by 22?
9
Calculate the remainder when 1224 is divided by 35.
34
Calculate the remainder when 262 is divided by 67.
61
Calculate the remainder when 2695 is divided by 73.
67
What is the remainder when 205 is divided by 122?
83
What is the remainder when 20410 is divided by 12?
10
What is the remainder when 359 is divided by 19?
17
Calculate the remainder when 1916 is divided by 27.
26
Calculate the remainder when 4449 is divided by 24.
9
Calculate the remainder when 466 is divided by 30.
16
What is the remainder when 897 is divided by 269?
90
Calculate the remainder when 348 is divided by 167.
14
What is the remainder when 2042 is divided by 146?
144
What is the remainder when 121 is divided by 30?
1
Calculate the remainder when 1722 is divided by 23.
20
Calculate the remainder when 650 is divided by 637.
13
What is the remainder when 169 is divided by 23?
8
Calculate the remainder when 1539 is divided by 436.
231
What is the remainder when 2075 is divided by 26?
21
What is the remainder when 1044 is divided by 76?
56
Calculate the remainder when 1309 is divided by 30.
19
What is the remainder when 129 is divided by 69?
60
Calculate the remainder when 533 is divided by 67.
64
Calculate the remainder when 69 is divided by 38.
31
Calculate the remainder when 3428 is divided by 104.
100
What is the remainder when 565 is divided by 71?
68
What is the remainder when 46 is divided by 23?
0
Calculate the remainder when 136 is divided by 21.
10
What is the remainder when 1293 is divided by 72?
69
Calculate the remainder when 72 is divided by 25.
22
What is the remainder when 583 is divided by 13?
11
What is the remainder when 172 is divided by 6?
4
Calculate the remainder when 581 is divided by 53.
51
Calculate the remainder when 315 is divided by 79.
78
Calculate the remainder when 41 is divided by 36.
5
What is the remainder when 519 is divided by 120?
39
What is the remainder when 2877 is divided by 20?
17
What is the remainder when 603 is divided by 150?
3
Calculate the remainder when 261 is divided by 51.
6
What is the remainder when 924 is divided by 49?
42
Calculate the remainder when 5841 is divided by 54.
9
Calculate the remainder when 249 is divided by 122.
5
Calculate the remainder when 36 is divided by 20.
16
Calculate the remainder when 256 is divided by 115.
26
What is the remainder when 48 is divided by 26?
22
Calculate the remainder when 541 is divided by 8.
5
Calculate the remainder when 8354 is divided by 89.
77
What is the remainder when 108 is divided by 11?
9
Calculate the remainder when 19628 is divided by 67.
64
What is the remainder when 52 is divided by 10?
2
What is the remainder when 4487 is divided by 21?
14
Calculate the remainder when 4111 is divided by 48.
31
Calculate the remainder when 144 is divided by 3.
0
What is the remainder when 3612 is divided by 201?
195
What is the remainder when 23 is divided by 9?
5
Calculate the remainder when 1299 is divided by 109.
100
What is the remainder when 214 is divided by 54?
52
Calculate the remainder when 932 is divided by 48.
20
What is the remainder when 719 is divided by 180?
179
Calculate the remainder when 2662 is divided by 23.
17
What is the remainder when 2708 is divided by 7?
6
What is the remainder when 2302 is divided by 96?
94
What is the remainder when 360 is divided by 99?
63
Calculate the remainder when 207 is divided by 117.
90
What is the remainder when 344 is divided by 20?
4
What is the remainder when 57 is divided by 5?
2
What is the remainder when 306 is divided by 137?
32
Calculate the remainder when 80 is divided by 4.
0
Calculate the remainder when 181 is divided by 166.
15
What is the remainder when 537 is divided by 171?
24
Calculate the remainder when 1006 is divided by 12.
10
Calculate the remainder when 378 is divided by 64.
58
Calculate the remainder when 244 is divided by 31.
27
Calculate the remainder when 1750 is divided by 434.
14
What is the remainder when 122 is divided by 18?
14
Calculate the remainder when 316 is divided by 83.
67
Calculate the remainder when 211 is divided by 56.
43
Calculate the remainder when 704 is divided by 59.
55
What is the remainder when 620 is divided by 24?
20
Calculate the remainder when 1333 is divided by 659.
15
What is the remainder when 200 is divided by 103?
97
What is the remainder when 854 is divided by 95?
94
Calculate the remainder when 1662 is divided by 104.
102
Calculate the remainder when 78 is divided by 22.
12
What is the remainder when 4629 is divided by 10?
9
What is the remainder when 9512 is divided by 9?
8
Calculate the remainder when 11653 is divided by 62.
59
Calculate the remainder when 76 is divided by 27.
22
Calculate the remainder when 3182 is divided by 199.
197
What is the remainder when 315 is divided by 8?
3
What is the remainder when 490 is divided by 31?
25
Calculate the remainder when 309 is divided by 31.
30
Calculate the remainder when 34 is divided by 11.
1
What is the remainder when 26 is divided by 20?
6
Calculate the remainder when 1101 is divided by 290.
231
Calculate the remainder when 262 is divided by 5.
2
What is the remainder when 404 is divided by 9?
8
Calculate the remainder when 123 is divided by 32.
27
What is the remainder when 198 is divided by 6?
0
What is the remainder when 288 is divided by 163?
125
Calculate the remainder when 2780 is divided by 32.
28
Calculate the remainder when 5903 is divided by 41.
40
Calculate the remainder when 417 is divided by 11.
10
Calculate the remainder when 72 is divided by 15.
12
What is the remainder when 91 is divided by 19?
15
What is the remainder when 155 is divided by 38?
3
What is the remainder when 64 is divided by 38?
26
Calculate the remainder when 235 is divided by 81.
73
Calculate the remainder when 2697 is divided by 84.
9
Calculate the remainder when 102 is divided by 101.
1
What is the remainder when 281 is divided by 96?
89
What is the remainder when 1846 is divided by 28?
26
Calculate the remainder when 215 is divided by 118.
97
Calculate the remainder when 132 is divided by 114.
18
What is the remainder when 461 is divided by 31?
27
Calculate the remainder when 24 is divided by 16.
8
What is the remainder when 12400 is divided by 234?
232
Calculate the remainder when 67 is divided by 24.
19
What is the remainder when 311 is divided by 38?
7
What is the remainder when 491 is divided by 126?
113
Calculate the remainder when 78 is divided by 28.
22
Calculate the remainder when 254 is divided by 15.
14
What is the remainder when 943 is divided by 68?
59
What is the remainder when 401 is divided by 101?
98
Calculate the remainder when 2623 is divided by 25.
23
Calculate the remainder when 161 is divided by 5.
1
Calculate the remainder when 5322 is divided by 177.
12
Calculate the remainder when 81 is divided by 14.
11
Calculate the remainder when 170 is divided by 37.
22
Calculate the remainder when 1522 is divided by 222.
190
Calculate the remainder when 1958 is divided by 53.
50
What is the remainder when 198 is divided by 46?
14
Calculate the remainder when 151 is divided by 20.
11
Calculate the remainder when 484 is divided by 18.
16
Calculate the remainder when 1780 is divided by 66.
64
What is the remainder when 137 is divided by 21?
11
Calculate the remainder when 337 is divided by 85.
82
Calculate the remainder when 92 is divided by 8.
4
What is the remainder when 224 is divided by 83?
58
What is the remainder when 267 is divided by 39?
33
What is the remainder when 2264 is divided by 29?
2
What is the remainder when 18239 is divided by 96?
95
Calculate the remainder when 125 is divided by 16.
13
Calculate the remainder when 2365 is divided by 7.
6
Calculate the remainder when 834 is divided by 175.
134
What is the remainder when